(3 - (-42)/(-8))*i. Calculate the greatest common factor of f and 45.
9
Let j(y) = -y**2 + 5*y + 2. Let x be j(4). Let s be (-98)/8*(1 + -4 + 7). Let t = x - s. What is the greatest common divisor of t and 5?
5
Suppose 0 = -q + 110 - 0. What is the highest common factor of 10 and q?
10
Let n(x) = x**3 + x**2 + x + 35. Let j be n(0). Let r be 6 + 0/(5 + -3). Suppose -13 + r = -y. Calculate the highest common divisor of j and y.
7
Suppose 0 = -s - 0*s + 2. Suppose 2*y + s*y = 56. Suppose -5*u + 2*n + 8 = 0, 0 = u - 0*u + n - 3. Calculate the highest common factor of y and u.
2
Let s be 8/60 - 118/(-15). What is the highest common divisor of 8 and s?
8
Suppose -2*b + 36 = 4*z - 0*z, 5*z - 51 = -4*b. Let r = z + 9. Calculate the greatest common divisor of 16 and r.
16
Let i(p) = -7*p**3 - 2*p**2 + p - 1. Suppose -3*o - 13 = -0*k - k, -35 = 5*k + 5*o. Let b be i(k). Calculate the greatest common divisor of 18 and b.
9
Suppose -4*x = w - 60 - 21, 4*w = -5*x + 104. Suppose j - x = -j. What is the greatest common factor of j and 110?
10
Suppose 0 = -49*b + 45*b + 484. Suppose -2*a + 2*x + 24 = 0, 0 = -2*a - 0*a - 4*x + 18. What is the highest common factor of b and a?
11
Let s = 6 - 4. Let o be ((-3)/(-4))/(s/8). Let g = 5 + -4. Calculate the highest common factor of g and o.
1
Let s be (4 + (-6)/2)*26. What is the greatest common divisor of s and 104?
26
Let y(h) = -h**3 - 5*h**2 - 7*h - 8. Let j be y(-4). Suppose 2*r = -3*o + 96, 128 = -0*o + j*o + 3*r. Calculate the highest common factor of o and 48.
16
Let q = -28 + 98. Calculate the highest common factor of 14 and q.
14
Let d be (-15)/(-6)*(-6)/(-5). Suppose -5 = d*z + 7. Let i be (-22)/(z/10 + 0). Calculate the highest common divisor of 5 and i.
5
Let j(x) = -x**3 + 10*x**2 + 8. Let d be j(10). Suppose l = -3*l + d. Calculate the greatest common factor of 16 and l.
2
Let b = 6 - 3. Let y(q) = -q + 25. Let f be y(19). Suppose a - 2 = -0*v - 5*v, -3*a - b*v = -f. Calculate the greatest common divisor of a and 1.
1
Suppose -6*y + 64 = -2*y. Let o be (-1191)/(-15) - (-6)/10. Calculate the highest common factor of o and y.
16
Let z be (28/(-6))/(10/(-15)). Suppose 0 = -a - 2 - 0. Let u be a/(-8) + z/4. Calculate the greatest common factor of 5 and u.
1
Suppose 2*s = 9*s - 35. What is the highest common factor of 5 and s?
5
Suppose 0 = -0*f + 3*f - 12. Suppose 0 = -r - 7*m + 2*m + 20, f = -2*r + m. Let k(p) = p**2 + 72. Let h be k(r). What is the greatest common factor of 9 and h?
9
Suppose -6 = -3*s + s. Let r = -1 + s. Let j(x) = 3*x**2 + 2*x - 3. Let b be j(-3). Calculate the highest common divisor of b and r.
2
Let z(p) = p**3 + 4*p**2 - 5*p - 2. Let l be z(-5). Let h(s) = -83*s - 1. Let u be h(l). What is the highest common divisor of u and 15?
15
Suppose 5*l - 20 = 0, 4*p - 3*p = 3*l + 10. Calculate the greatest common divisor of 2 and p.
2
Suppose -5*i + 14 = -26. Let m(z) = 37*z + 3. Let v be m(1). What is the greatest common divisor of i and v?
8
Let o(s) = s - 7. Let k be o(8). Let z = -41 - -45. Calculate the highest common factor of z and k.
1
Suppose -3*d - 234 = -3*n, -4*n + 2*d - d + 312 = 0. What is the highest common factor of n and 6?
6
Let k be 133/(-2)*216/(-126). What is the greatest common divisor of k and 76?
38
Let j(a) = a**2 + 3*a + 1. Let q be j(-4). Suppose -4*l - 4*g + 10 = -7*g, -q*g + 6 = -l. Suppose 54 = l*y - y. Calculate the highest common divisor of y and 9.
9
Let n(i) = 37*i + 1. Let h(f) = -f**2 - f + 3. Let l be h(0). Let w be n(l). Calculate the highest common divisor of w and 14.
14
Let h = 1 + 3. Suppose -s + 26 + 7 = 3*b, -5*b + h*s + 55 = 0. Suppose q - 5 - 50 = 0. Calculate the highest common factor of q and b.
11
Let i be 1 + 1 - (-1 - -5). Let m be -1 + (2 - 0) - i. Let r be m*1/(-9)*-3. Calculate the highest common divisor of 2 and r.
1
Let s(z) = -z - 1. Let m be s(5). Let y = 11 + m. Suppose -v + 5*l = -2*v - 10, -70 = -5*v + 5*l. What is the highest common divisor of y and v?
5
Suppose 4*l + 312 = 5*i, i = 4*l - 14 + 86. What is the highest common divisor of 10 and i?
10
Let y(p) = -p**2 + 15*p - 1. Let c be y(10). Calculate the highest common factor of 7 and c.
7
Suppose -4*g + 150 = -342. Suppose -4*l - g + 563 = 0. Calculate the highest common factor of 10 and l.
10
Let s = 2 + 22. Suppose -60 = -4*n + 4. Calculate the greatest common divisor of n and s.
8
Suppose 0 = w - 5 - 4. Let f = -5 + 2. Let r be f/(-3 - (-240)/81). What is the highest common divisor of w and r?
9
Let u(n) = -2 + 0*n - n + n - 5*n. Let p be u(-6). What is the highest common divisor of 252 and p?
28
Let n = -19 + 41. What is the highest common factor of 22 and n?
22
Let h(a) = 20*a - 6. Let m be h(1). What is the greatest common factor of 14 and m?
14
Suppose 0 = -3*z - 3*h + 57, 5*h = 2*h. Suppose -413 = -2*m + 5*i, 0 = 3*m - 4*i + 16 - 639. What is the greatest common factor of z and m?
19
Suppose 0 = 5*f - 457 - 173. Let q be (-2)/((16/(-6))/4). Suppose q*k - 9 = 33. What is the highest common divisor of f and k?
14
Let j = -29 + 15. Let m be (36/j)/((-2)/14). Let x(g) = -g**3 + 7*g**2 - 3*g. Let w be x(3). What is the highest common divisor of m and w?
9
Let m(b) = 41*b + 20*b + 1 + 136*b. Let r be m(1). What is the greatest common divisor of 18 and r?
18
Suppose -y = 3*v - 25, 4*v - 7 = -y + 28. Let n(p) = p**3 + 1. Let b be n(1). Suppose -b*t - 90 = -3*t. What is the greatest common divisor of v and t?
10
Let q = -8 + 11. Let k(z) = -5*z**q + 6*z + 2 + 6*z**3 + 9*z**2 + 1. Let n be k(-8). Calculate the greatest common divisor of n and 19.
19
Suppose 5*f = 3*n + 174, 2*f + f - 2*n = 105. What is the highest common divisor of 22 and f?
11
Let q be 3/5 - (-54)/10. Let m(y) = 3*y - 5. Let s be m(q). Suppose -3*w = 4*g - 113, 3*g - 4*g + 38 = w. What is the highest common divisor of w and s?
13
Let m be -4 + 75 - (2 + -1). Suppose 0 = p - 0*p - 10. Calculate the highest common divisor of m and p.
10
Let x(v) = -6*v - 2. Let u be x(-3). Let g = 28 - u. What is the highest common divisor of g and 96?
12
Let b = 15 + -13. Let j(l) = l**3 + 6*l**2 + 6*l + 6. Let f be j(-4). Calculate the highest common divisor of f and b.
2
Let m = -9 - -14. Calculate the greatest common factor of m and 5.
5
Suppose 3*n = -r - 18, -n + 26 = -3*r - 3*n. Let u(y) = -y**3 - 2*y**2 - 4. Let l be u(r). What is the greatest common factor of l and 20?
20
Let f(u) = 3*u**2 - 4*u. Let j be f(2). Suppose j*r - 37 = -17. Let g be (-2)/(-7) + 276/14. What is the highest common divisor of g and r?
5
Suppose -4*s + 3 = -s. Let y be s + 7 - (-1 + -1). Calculate the greatest common divisor of y and 90.
10
Suppose 0 = -2*y - 3*u - 5, -4*u - 13 = 5*y + 10. Let w be y/(2 + 15/(-6)). Suppose -2 - 110 = -4*b. Calculate the highest common divisor of b and w.
14
Suppose 0 = -2*m - 0*m + 34. Let j(w) = 7*w + 2. Let o(u) = -7*u**3 - u - 1. Let k be o(-1). Let d be j(k). What is the highest common divisor of d and m?
17
Let s be 6/5 - (-4)/5. Let c be 16 + (s + -6)*1. What is the greatest common factor of 6 and c?
6
Let i be (-3)/4 - ((-861)/4)/7. What is the highest common divisor of i and 6?
6
Let x(n) = -n**3 - 4*n**2 - 5*n - 5. Let u be x(-5). What is the greatest common factor of 30 and u?
15
Suppose 4*p = 3*n + 29, -4*n - 5*p + 5 = -8. Let t be n*(-2)/6*8. What is the greatest common divisor of t and 56?
8
Let k(j) = -6*j + 20. Let w be k(-6). What is the greatest common divisor of 8 and w?
8
Let f be (0 + 34)/(10/25). Suppose 4*u - 59 = -b + 24, b = -5*u + f. Calculate the highest common factor of b and 30.
15
Let n(h) = h. Let i(b) = 4*b. Let j(p) = 2*i(p) - 9*n(p). Let c be j(-5). Calculate the highest common factor of c and 15.
5
Suppose 0 = -3*w - 15, 2*w + w + 67 = r. Suppose -12*l + 5*l = -182. What is the highest common factor of r and l?
26
Let d = 101 - 46. What is the highest common divisor of d and 44?
11
Let n be -4*((-5)/2)/5. Suppose -3*x = 3*d - 12 - 0, 0 = -5*d + 2*x + 20. Let a be 9/n - 6/d. Calculate the greatest common factor of a and 21.
3
Let z(r) = 2*r + 5. Let g be z(-7). Let c = 39 + g. Suppose -v - c = -5*w + 2*w, -5*v = 0. Calculate the greatest common factor of w and 25.
5
Suppose -a = -2*r - 7, 5*a = -4*r - 0*r + 7. Suppose -2*h - 3*h = -a*p - 350, 4*p = 2*h - 140. Calculate the gre